= c**3 - 6*c**2 + 5*c. Determine d(2).
-6
Let v(x) = -776*x + 4669. Give v(6).
13
Let h(c) = 29*c + 315. Determine h(-12).
-33
Let s(l) = l**2 - 2602*l - 47155. What is s(-18)?
5
Let a(y) = 18*y - 56. Give a(5).
34
Let t(l) = -1618*l - 11327. Determine t(-7).
-1
Let k(g) = -g**3 + 25*g**2 - 68*g - 23. Determine k(22).
-67
Let s(j) = -6*j**3 + 10*j**2 - 17*j - 6. Determine s(3).
-129
Let x(v) = 17*v + 80. Calculate x(16).
352
Let t(x) = 44*x**2 + 32*x - 1. Calculate t(-3).
299
Let p(o) = 2*o**2 + 80*o - 660. Determine p(-47).
-2
Let w(y) = -y**2 + 6*y - 11. Give w(5).
-6
Let c(g) = -g**3 - 77*g**2 - 148*g + 41. Determine c(-75).
-109
Let t(k) = -207*k - 3542. Give t(-17).
-23
Let m(n) = -63*n - 481. Give m(0).
-481
Let d(i) = -268*i - 5427. Calculate d(-21).
201
Let m(c) = -c**2 + 38*c - 220. Give m(9).
41
Let c(k) = -k**3 + 20*k**2 + 43*k + 40. Determine c(22).
18
Let u(h) = -h**3 + 14*h**2 - 25*h + 36. Give u(14).
-314
Let w(v) = -v**3 - 9*v**2 + 38*v + 19. Determine w(-11).
-157
Let x(n) = -127*n**2 - 630*n - 2. Determine x(-5).
-27
Let z(y) = 15*y**3 - 30*y**2 - 42*y + 2. Determine z(-2).
-154
Let x(c) = 15*c + 977. What is x(-59)?
92
Let b(f) = -f**2 - 400*f + 86020. Calculate b(155).
-5
Let j(g) = -22*g**2 + 3*g + 5. What is j(2)?
-77
Let g(i) = i**3 - i**2 + 12*i + 23. Determine g(-3).
-49
Let a(i) = -i**3 - 11*i**2 + 7*i - 8. Calculate a(-10).
-178
Let p(r) = -223*r + 29470. Determine p(132).
34
Let o(l) = 2*l**3 + 2*l**2 - 34*l - 84. Give o(0).
-84
Let s(a) = -a**3 + 3*a**2 + 2*a + 5. What is s(2)?
13
Let d(v) = 3*v**3 + 2*v**2 - 10*v - 4. Calculate d(3).
65
Let i(h) = -2*h**2 + 10*h + 9. What is i(-2)?
-19
Let q(p) = p**3 + 4*p**2 - 19*p + 7. Determine q(-7).
-7
Let p(l) = 4*l**2 - l - 679. What is p(0)?
-679
Let w(c) = -6*c + 260. Determine w(25).
110
Let a(z) = z**3 + 20*z**2 - 123*z + 94. Determine a(4).
-14
Let l(i) = -i**3 + 24*i**2 - 147*i - 92. Determine l(12).
-128
Let q(z) = -z**3 - 2*z**2 + 4*z + 210. Determine q(0).
210
Let y(n) = -43*n**2 - 138*n + 536. What is y(4)?
-704
Let n(h) = h**3 + 30*h**2 + 5*h + 74. Determine n(-29).
770
Let z(g) = g**3 + 13*g**2 - 7*g - 30. What is z(-11)?
289
Let d(t) = 39*t**3 + 2*t**2 + 11*t - 31. Calculate d(2).
311
Let k(u) = -u**2 + 85*u - 542. Determine k(7).
4
Let s(k) = 7*k + 213. Determine s(-15).
108
Let l(m) = 8*m - 63. What is l(-18)?
-207
Let j(u) = 291*u - 7193. Calculate j(25).
82
Let m(u) = -164*u - 813. What is m(-5)?
7
Let p(l) = l**3 + 31*l**2 - 32*l - 120. What is p(-32)?
-120
Let q(l) = -l**3 - 8*l**2 - 2*l - 3. Determine q(-6).
-63
Let d(y) = 3*y**2 + 10*y - 45. Determine d(-8).
67
Let t(w) = -9*w**2 + 13*w + 4. Determine t(3).
-38
Let t(a) = 9*a - 57. Give t(8).
15
Let y(f) = -6*f**2 + 89*f - 28. Calculate y(14).
42
Let j(l) = -3*l**3 - 43*l**2 - 148*l - 1878. Calculate j(-14).
-2
Let t(i) = -11*i - 392. Give t(-36).
4
Let s(o) = -o**3 + 45*o**2 + 97*o - 53. Give s(47).
88
Let o(l) = -l**3 - 27*l**2 + 5*l + 147. Calculate o(-27).
12
Let q(g) = 31*g**2 - 129*g + 111. Calculate q(3).
3
Let z(o) = -5*o**2 + 104*o - 314. What is z(17)?
9
Let l(m) = -m**3 + 10*m**2 - 21*m - 9. Determine l(5).
11
Let c(n) = -3*n**2 - 48*n + 5. Determine c(-16).
5
Let t(b) = -147*b + 20286. Give t(138).
0
Let x(a) = -a**2 + 28*a - 29. Give x(27).
-2
Let p(i) = -39*i - 3261. Determine p(-80).
-141
Let i(q) = -562*q - 15760. Determine i(-28).
-24
Let a(h) = 2595*h + 8. Give a(0).
8
Let n(j) = -j**2 - 4*j + 152. Calculate n(-15).
-13
Let q(d) = -d**2 + 18*d + 17. Give q(-8).
-191
Let u(n) = -34*n + 108. Determine u(4).
-28
Let x(u) = -1441*u + 8638. Determine x(6).
-8
Let n(m) = 15*m - 92. Give n(6).
-2
Let g(b) = -b**3 + 12*b**2 - 30*b + 95. Calculate g(10).
-5
Let k(j) = -3*j**3 + 26*j**2 - 35*j + 9. Give k(7).
9
Let r(m) = -m**3 - 26*m**2 + 3*m + 82. What is r(-26)?
4
Let r(m) = -17*m**2 - 332*m + 421. What is r(-21)?
-104
Let o(x) = -15*x + 1317. Give o(86).
27
Let n(p) = p**2 - 1386*p + 5510. Give n(4).
-18
Let p(u) = 744*u + 4473. Calculate p(-6).
9
Let g(u) = 46*u - 778. Give g(17).
4
Let b(j) = -329*j - 2372. Give b(-7).
-69
Let i(r) = 207*r - 817. Determine i(4).
11
Let z(s) = -46*s - 391. Give z(-9).
23
Let n(u) = -21*u**2 + 361*u + 22. What is n(17)?
90
Let b(o) = -o**3 + 4*o**2 + 10*o - 3. What is b(-4)?
85
Let q(w) = -3*w**2 + 19*w - 7. Give q(8).
-47
Let t(f) = -f**2 + 125*f - 3691. Give t(77).
5
Let i(p) = -13*p + 271. Determine i(18).
37
Let c(k) = 112*k**2 - 1128*k + 88. Calculate c(10).
8
Let s(u) = 158*u + 1443. What is s(-3)?
969
Let f(c) = c**3 - 67*c**2 - 421*c - 14. Give f(-6).
-116
Let u(t) = 274*t - 7951. Give u(29).
-5
Let v(w) = -2*w**3 + 55*w**2 - 34*w + 186. Give v(27).
-3
Let m(f) = 18*f**2 - 152*f - 130. Determine m(10).
150
Let a(m) = 2*m**3 + 7*m**2 - 6*m - 34. Calculate a(-4).
-26
Let t(q) = -q**3 - 47*q**2 - 100*q - 455. Give t(-45).
-5
Let p(i) = -12*i**2 - 346*i + 54. Determine p(-29).
-4
Let l(c) = 1650*c + 16499. What is l(-10)?
-1
Let s(y) = y**3 + 25*y**2 + 217*y + 8435. Give s(-28).
7
Let o(t) = t**3 + 6*t**2 - 21*t - 90. Determine o(-4).
26
Let s(x) = -15*x**2 + 49*x + 47. Give s(4).
3
Let d(x) = 2*x**2 + 71*x + 16. Give d(-38).
206
Let v(j) = -44*j - 527. Calculate v(-17).
221
Let y(n) = 155*n + 224. What is y(0)?
224
Let g(v) = -v**2 - 271*v - 1619. Give g(-6).
-29
Let c(x) = 17*x + 58. Determine c(-4).
-10
Let y(g) = -4*g**3 - 27*g**2 - 44*g. Calculate y(-3).
-3
Let a(v) = v**3 + 17*v**2 + 37*v + 104. Give a(-15).
-1
Let n(s) = 2*s**3 + 63*s**2 - 42*s - 431. Give n(-32).
-111
Let q(b) = 15*b**2 + 18*b + 2. Give q(-1).
-1
Let x(c) = -c**3 + 15*c**2 + 25*c - 908. Determine x(-7).
-5
Let p(s) = 6*s**2 - 5*s + 5. Determine p(2).
19
Let k(i) = -3*i**3 + 6*i**2 + 45*i - 184. What is k(3)?
-76
Let b(h) = h**3 + 6*h**2 + 192*h + 943. What is b(-5)?
8
Let b(c) = -2244*c - 13460. Give b(-6).
4
Let h(x) = 62*x - 1874. Determine h(30).
-14
Let j(w) = -5*w**3 - 28*w**2 + 10*w - 7. What is j(-6)?
5
Let a(i) = -i**3 + 52*i**2 - 69*i - 1. Determine a(51).
-919
Let i(x) = x**3 - 3*x**2 - 170*x + 87. Calculate i(-12).
-33
Let p(g) = 6*g**3 - 6*g**2 + 30*g + 127. Calculate p(-4).
-473
Let r(t) = -58*t**2 + 3956*t - 823. Calculate r(68).
-7
Let z(s) = -25*s + 263. What is z(11)?
-12
Let w(o) = -21*o + 62. Calculate w(-7).
209
Let q(t) = -13*t**2 + 518*t + 1168. Calculate q(42).
-8
Let c(o) = o**2 - 44*o - 36. Calculate c(45).
9
Let g(m) = -3*m**3 + 7*m**2 - 6*m - 7. Calculate g(5).
-237
Let z(h) = -h**2 - 52*h + 1103. Give z(-68).
15
Let j(p) = -21*p**3 + 274*p - 273. Calculate j(1).
-20
Let m(c) = -5898*c + 23591. Calculate m(4).
-1
Let x(v) = v**3 - 19*v**2 + 79*v - 23. Calculate x(6).
-17
Let g(y) = -y**3 + 31*y**2 - 227*y - 34. Determine g(19).
-15
Let o(f) = -82*f + 2075. Determine o(29).
-303
Let t(u) = u**2 + 100*u - 532. Determine t(-105).
-7
Let y(v) = -v**3 - 17*v**2 + 27*v + 87. Determine y(-18).
-75
Let k(n) = 2*n**3 + 5*n**2 - n - 10. What is k(-5)?
-130
Let q(l) = -l**2 - 15*l + 141. Give q(6).
15
Let v(f) = -3*f**3 - 30*f**2 + 186*f + 1854. Calculate v(-10).
-6
Let g(s) = -3*s**3 - 5*s**2 - 9*s + 20. Determine g(4).
-288
Let o(t) = -24*t**3 + 8*t**2 + 10*t + 5. What is o(-2)?
209
Let n(y) = 174*y + 2265. Give n(-13).
3
Let r(d) = -d**3 + 18*d**2 + 4*d + 314. Give r(19).
29
Let p(q) = -167*q + 274. What is p(2)?
-60
Let x(f) = f**3 + 9*f**2 - 2*f - 3. Calculate x(0).
-3
Let a(d) = 11*d + 906. Determine a(-83).
-7
Let y(o) = -10845*o - 7. Give y(0).
-7
Let i(x) = -10*x**3 - 11*x**2 - 6*x + 7. Give i(-1).
12
Let l(i) = -i**2 + 3*i + 33. Give l(-5).
-7
Let f(r) = 3*r - 144. Calculate f(52).
12
Let u(a) = -4*a**2 + 55*a - 334. Determine u(11).
-213
Let s(q) = 12*q**2 - 879*q + 217. Calculate s(73).
-2
Let x(y) = -y**2 - 35*y - 43. Determine x(-14).
251
Let l(c) = -3015*c + 18083. What is l(6)?
-7
Let s(n) = -n**3 + 34*n**2 - 125*n + 19. Calculate s(30).
-131
Let q(d) = 6*d**3 + 131*d**2 - 21*d + 15. Calculate q(-22).
-7
Let b(i) = -i**3 - 48*i**2 + 386*i + 27. Determine b(-55).
-28
Let y(c) = c**2 - 64*c - 387. Calculate y(70).
33
Let u(w) = -w**2 - 190*w + 6336. Determine u(29).
-15
Let t(s) = 2*s**3 + 10*s**2 - 259*s - 57. What is t(-14)?
41
Let r(z) = -2*z**2 + 627*z + 3763. Give r(-6).
-71
Let s(j) = -18*j**2 + 43*j + 111. Determine s(4).
-5
Let b(d) = -